{"id":225,"date":"2020-10-05T16:52:11","date_gmt":"2020-10-05T16:52:11","guid":{"rendered":"https:\/\/logitechnorthcone.com\/navidadcolombia\/?post_type=product&#038;p=225"},"modified":"2021-12-04T20:23:52","modified_gmt":"2021-12-04T20:23:52","slug":"g923-volante-de-carreras-xbox-logitech","status":"publish","type":"product","link":"https:\/\/logitechnorthcone.com\/navidadcolombia\/producto\/g923-volante-de-carreras-xbox-logitech\/","title":{"rendered":"G923 Volante Xbox, Playstation y PC"},"content":{"rendered":"<p>El G923 es un volante Premium, desde su dise\u00f1o en aluminio, acero y cuero hasta su tecnolog\u00eda interna True Force que te permitir\u00e1 experimentar de forma muy real cada carrera.<\/p>\n<p>No te conformes con disfrutar tus juegos de carreras favoritos, tambi\u00e9n v\u00edvelos y siente como si estuvieras en un auto de carreras con el simulador G923 de Logitech.<\/p>\n","protected":false},"excerpt":{"rendered":"<p>El G923 es un volante Premium, desde su dise\u00f1o en aluminio, acero y cuero hasta su tecnolog\u00eda interna True Force que te permitir\u00e1 experimentar de forma muy real cada carrera. No te conformes con disfrutar tus juegos de carreras favoritos, tambi\u00e9n v\u00edvelos y siente como si estuvieras en un auto de carreras con el simulador [&hellip;]<\/p>\n","protected":false},"featured_media":239182,"comment_status":"open","ping_status":"closed","template":"","meta":{"_et_pb_use_builder":"","_et_pb_old_content":"","_et_gb_content_width":""},"product_brand":[],"product_cat":[45],"product_tag":[],"class_list":{"0":"post-225","1":"product","2":"type-product","3":"status-publish","4":"has-post-thumbnail","6":"product_cat-gaming","8":"first","9":"outofstock","10":"shipping-taxable","11":"product-type-simple"},"yoast_head":"<!-- This site is optimized with the Yoast SEO plugin v26.0 - https:\/\/yoast.com\/wordpress\/plugins\/seo\/ -->\n<title>G923 Volante Xbox, Playstation y PC - Guia De Regalos Tecno<\/title>\n<meta name=\"robots\" content=\"index, follow, max-snippet:-1, max-image-preview:large, max-video-preview:-1\" \/>\n<link rel=\"canonical\" href=\"https:\/\/logitechnorthcone.com\/navidadcolombia\/producto\/g923-volante-de-carreras-xbox-logitech\/\" \/>\n<meta property=\"og:locale\" content=\"en_US\" \/>\n<meta property=\"og:type\" content=\"article\" \/>\n<meta property=\"og:title\" content=\"G923 Volante Xbox, Playstation y PC - Guia De Regalos Tecno\" \/>\n<meta property=\"og:description\" content=\"El G923 es un volante Premium, desde su dise\u00f1o en aluminio, acero y cuero hasta su tecnolog\u00eda interna True Force que te permitir\u00e1 experimentar de forma muy real cada carrera. No te conformes con disfrutar tus juegos de carreras favoritos, tambi\u00e9n v\u00edvelos y siente como si estuvieras en un auto de carreras con el simulador [&hellip;]\" \/>\n<meta property=\"og:url\" content=\"https:\/\/logitechnorthcone.com\/navidadcolombia\/producto\/g923-volante-de-carreras-xbox-logitech\/\" \/>\n<meta property=\"og:site_name\" content=\"Guia De Regalos Tecno\" \/>\n<meta property=\"article:modified_time\" content=\"2021-12-04T20:23:52+00:00\" \/>\n<meta property=\"og:image\" content=\"https:\/\/logitechnorthcone.com\/navidadcolombia\/wp-content\/uploads\/2020\/10\/g923.jpg\" \/>\n\t<meta property=\"og:image:width\" content=\"800\" \/>\n\t<meta property=\"og:image:height\" content=\"800\" \/>\n\t<meta property=\"og:image:type\" content=\"image\/jpeg\" \/>\n<meta name=\"twitter:card\" content=\"summary_large_image\" \/>\n<script type=\"application\/ld+json\" class=\"yoast-schema-graph\">{\"@context\":\"https:\/\/schema.org\",\"@graph\":[{\"@type\":\"WebPage\",\"@id\":\"https:\/\/logitechnorthcone.com\/navidadcolombia\/producto\/g923-volante-de-carreras-xbox-logitech\/\",\"url\":\"https:\/\/logitechnorthcone.com\/navidadcolombia\/producto\/g923-volante-de-carreras-xbox-logitech\/\",\"name\":\"G923 Volante Xbox, Playstation y PC - Guia De Regalos Tecno\",\"isPartOf\":{\"@id\":\"https:\/\/logitechnorthcone.com\/navidadcolombia\/#website\"},\"primaryImageOfPage\":{\"@id\":\"https:\/\/logitechnorthcone.com\/navidadcolombia\/producto\/g923-volante-de-carreras-xbox-logitech\/#primaryimage\"},\"image\":{\"@id\":\"https:\/\/logitechnorthcone.com\/navidadcolombia\/producto\/g923-volante-de-carreras-xbox-logitech\/#primaryimage\"},\"thumbnailUrl\":\"https:\/\/logitechnorthcone.com\/navidadcolombia\/wp-content\/uploads\/2020\/10\/g923.jpg\",\"datePublished\":\"2020-10-05T16:52:11+00:00\",\"dateModified\":\"2021-12-04T20:23:52+00:00\",\"breadcrumb\":{\"@id\":\"https:\/\/logitechnorthcone.com\/navidadcolombia\/producto\/g923-volante-de-carreras-xbox-logitech\/#breadcrumb\"},\"inLanguage\":\"en-US\",\"potentialAction\":[{\"@type\":\"ReadAction\",\"target\":[\"https:\/\/logitechnorthcone.com\/navidadcolombia\/producto\/g923-volante-de-carreras-xbox-logitech\/\"]}]},{\"@type\":\"ImageObject\",\"inLanguage\":\"en-US\",\"@id\":\"https:\/\/logitechnorthcone.com\/navidadcolombia\/producto\/g923-volante-de-carreras-xbox-logitech\/#primaryimage\",\"url\":\"https:\/\/logitechnorthcone.com\/navidadcolombia\/wp-content\/uploads\/2020\/10\/g923.jpg\",\"contentUrl\":\"https:\/\/logitechnorthcone.com\/navidadcolombia\/wp-content\/uploads\/2020\/10\/g923.jpg\",\"width\":800,\"height\":800},{\"@type\":\"BreadcrumbList\",\"@id\":\"https:\/\/logitechnorthcone.com\/navidadcolombia\/producto\/g923-volante-de-carreras-xbox-logitech\/#breadcrumb\",\"itemListElement\":[{\"@type\":\"ListItem\",\"position\":1,\"name\":\"Portada\",\"item\":\"https:\/\/logitechnorthcone.com\/navidadcolombia\/\"},{\"@type\":\"ListItem\",\"position\":2,\"name\":\"Tienda\",\"item\":\"https:\/\/logitechnorthcone.com\/navidadcolombia\/tienda\/\"},{\"@type\":\"ListItem\",\"position\":3,\"name\":\"G923 Volante Xbox, Playstation y PC\"}]},{\"@type\":\"WebSite\",\"@id\":\"https:\/\/logitechnorthcone.com\/navidadcolombia\/#website\",\"url\":\"https:\/\/logitechnorthcone.com\/navidadcolombia\/\",\"name\":\"Guia De Regalos Tecno\",\"description\":\"Tecnolog\u00eda a tu alcance\",\"potentialAction\":[{\"@type\":\"SearchAction\",\"target\":{\"@type\":\"EntryPoint\",\"urlTemplate\":\"https:\/\/logitechnorthcone.com\/navidadcolombia\/?s={search_term_string}\"},\"query-input\":{\"@type\":\"PropertyValueSpecification\",\"valueRequired\":true,\"valueName\":\"search_term_string\"}}],\"inLanguage\":\"en-US\"}]}<\/script>\n<!-- \/ Yoast SEO plugin. -->","yoast_head_json":{"title":"G923 Volante Xbox, Playstation y PC - Guia De Regalos Tecno","robots":{"index":"index","follow":"follow","max-snippet":"max-snippet:-1","max-image-preview":"max-image-preview:large","max-video-preview":"max-video-preview:-1"},"canonical":"https:\/\/logitechnorthcone.com\/navidadcolombia\/producto\/g923-volante-de-carreras-xbox-logitech\/","og_locale":"en_US","og_type":"article","og_title":"G923 Volante Xbox, Playstation y PC - Guia De Regalos Tecno","og_description":"El G923 es un volante Premium, desde su dise\u00f1o en aluminio, acero y cuero hasta su tecnolog\u00eda interna True Force que te permitir\u00e1 experimentar de forma muy real cada carrera. No te conformes con disfrutar tus juegos de carreras favoritos, tambi\u00e9n v\u00edvelos y siente como si estuvieras en un auto de carreras con el simulador [&hellip;]","og_url":"https:\/\/logitechnorthcone.com\/navidadcolombia\/producto\/g923-volante-de-carreras-xbox-logitech\/","og_site_name":"Guia De Regalos Tecno","article_modified_time":"2021-12-04T20:23:52+00:00","og_image":[{"width":800,"height":800,"url":"https:\/\/logitechnorthcone.com\/navidadcolombia\/wp-content\/uploads\/2020\/10\/g923.jpg","type":"image\/jpeg"}],"twitter_card":"summary_large_image","schema":{"@context":"https:\/\/schema.org","@graph":[{"@type":"WebPage","@id":"https:\/\/logitechnorthcone.com\/navidadcolombia\/producto\/g923-volante-de-carreras-xbox-logitech\/","url":"https:\/\/logitechnorthcone.com\/navidadcolombia\/producto\/g923-volante-de-carreras-xbox-logitech\/","name":"G923 Volante Xbox, Playstation y PC - Guia De Regalos Tecno","isPartOf":{"@id":"https:\/\/logitechnorthcone.com\/navidadcolombia\/#website"},"primaryImageOfPage":{"@id":"https:\/\/logitechnorthcone.com\/navidadcolombia\/producto\/g923-volante-de-carreras-xbox-logitech\/#primaryimage"},"image":{"@id":"https:\/\/logitechnorthcone.com\/navidadcolombia\/producto\/g923-volante-de-carreras-xbox-logitech\/#primaryimage"},"thumbnailUrl":"https:\/\/logitechnorthcone.com\/navidadcolombia\/wp-content\/uploads\/2020\/10\/g923.jpg","datePublished":"2020-10-05T16:52:11+00:00","dateModified":"2021-12-04T20:23:52+00:00","breadcrumb":{"@id":"https:\/\/logitechnorthcone.com\/navidadcolombia\/producto\/g923-volante-de-carreras-xbox-logitech\/#breadcrumb"},"inLanguage":"en-US","potentialAction":[{"@type":"ReadAction","target":["https:\/\/logitechnorthcone.com\/navidadcolombia\/producto\/g923-volante-de-carreras-xbox-logitech\/"]}]},{"@type":"ImageObject","inLanguage":"en-US","@id":"https:\/\/logitechnorthcone.com\/navidadcolombia\/producto\/g923-volante-de-carreras-xbox-logitech\/#primaryimage","url":"https:\/\/logitechnorthcone.com\/navidadcolombia\/wp-content\/uploads\/2020\/10\/g923.jpg","contentUrl":"https:\/\/logitechnorthcone.com\/navidadcolombia\/wp-content\/uploads\/2020\/10\/g923.jpg","width":800,"height":800},{"@type":"BreadcrumbList","@id":"https:\/\/logitechnorthcone.com\/navidadcolombia\/producto\/g923-volante-de-carreras-xbox-logitech\/#breadcrumb","itemListElement":[{"@type":"ListItem","position":1,"name":"Portada","item":"https:\/\/logitechnorthcone.com\/navidadcolombia\/"},{"@type":"ListItem","position":2,"name":"Tienda","item":"https:\/\/logitechnorthcone.com\/navidadcolombia\/tienda\/"},{"@type":"ListItem","position":3,"name":"G923 Volante Xbox, Playstation y PC"}]},{"@type":"WebSite","@id":"https:\/\/logitechnorthcone.com\/navidadcolombia\/#website","url":"https:\/\/logitechnorthcone.com\/navidadcolombia\/","name":"Guia De Regalos Tecno","description":"Tecnolog\u00eda a tu alcance","potentialAction":[{"@type":"SearchAction","target":{"@type":"EntryPoint","urlTemplate":"https:\/\/logitechnorthcone.com\/navidadcolombia\/?s={search_term_string}"},"query-input":{"@type":"PropertyValueSpecification","valueRequired":true,"valueName":"search_term_string"}}],"inLanguage":"en-US"}]}},"_links":{"self":[{"href":"https:\/\/logitechnorthcone.com\/navidadcolombia\/wp-json\/wp\/v2\/product\/225","targetHints":{"allow":["GET"]}}],"collection":[{"href":"https:\/\/logitechnorthcone.com\/navidadcolombia\/wp-json\/wp\/v2\/product"}],"about":[{"href":"https:\/\/logitechnorthcone.com\/navidadcolombia\/wp-json\/wp\/v2\/types\/product"}],"replies":[{"embeddable":true,"href":"https:\/\/logitechnorthcone.com\/navidadcolombia\/wp-json\/wp\/v2\/comments?post=225"}],"wp:featuredmedia":[{"embeddable":true,"href":"https:\/\/logitechnorthcone.com\/navidadcolombia\/wp-json\/wp\/v2\/media\/239182"}],"wp:attachment":[{"href":"https:\/\/logitechnorthcone.com\/navidadcolombia\/wp-json\/wp\/v2\/media?parent=225"}],"wp:term":[{"taxonomy":"product_brand","embeddable":true,"href":"https:\/\/logitechnorthcone.com\/navidadcolombia\/wp-json\/wp\/v2\/product_brand?post=225"},{"taxonomy":"product_cat","embeddable":true,"href":"https:\/\/logitechnorthcone.com\/navidadcolombia\/wp-json\/wp\/v2\/product_cat?post=225"},{"taxonomy":"product_tag","embeddable":true,"href":"https:\/\/logitechnorthcone.com\/navidadcolombia\/wp-json\/wp\/v2\/product_tag?post=225"}],"curies":[{"name":"wp","href":"https:\/\/api.w.org\/{rel}","templated":true}]}}